 - 7. Let l(d) = d**3 - d**2 + d - 8. Let i be l(0). Let j be u(i). What is the highest common factor of 25 and j?
25
Suppose 0 = 2*f + 5*i - 70, i - 25 = -2*f + 37. Calculate the highest common factor of f and 12.
6
Let t = 113 - 41. Suppose 4*i - 1 = -2*o + 95, 14 = i - 2*o. Let d = i + -13. What is the highest common factor of t and d?
9
Suppose -3*t + 8 + 37 = 0. Suppose 0 = b + 106 + 113. Let f = b - -339. What is the highest common divisor of f and t?
15
Let r = -115 - -195. Calculate the highest common factor of 32 and r.
16
Let q be 8/(-3)*234/(-12). Let c = 18 - 5. What is the highest common divisor of q and c?
13
Suppose 2*z = 4*j - 78, -2*j + 59 = -0*z + 3*z. Suppose -4*a + j = -6. What is the greatest common divisor of a and 77?
7
Let a be (4/(-5) - 1)*-5. Calculate the greatest common divisor of a and 36.
9
Let b = 13 - 8. Suppose -2*k - 48 - 544 = -3*r, -b*k - 391 = -2*r. Calculate the highest common divisor of r and 18.
18
Suppose -511 - 301 = -7*x. Calculate the highest common divisor of 4 and x.
4
Let q(n) = -25*n - 2. Let l be q(-2). Calculate the greatest common factor of l and 12.
12
Suppose -5*j + 4 = 3*w, 2*w = 3*j - 6*j + 2. Let y be 56 - -2*(-3 + j). What is the highest common divisor of y and 6?
6
Let r be ((-4)/3)/((-1)/30). Let z = -13 - -33. Calculate the highest common factor of z and r.
20
Suppose -650 = -0*m + 5*m. Let q be 3*(1050/(-9))/5. Let t = q - m. What is the greatest common divisor of 12 and t?
12
Suppose -4*h + 5*k = -199, h - 126 = -2*h - 4*k. Let i = 46 - -69. What is the highest common divisor of i and h?
23
Suppose 2*n - 2*v = 116, -7 + 27 = 4*v. Let i(l) = l**2 - 2. Let x be i(3). What is the greatest common divisor of x and n?
7
Let n = -29 + 45. Suppose 202 + 38 = 5*z. Calculate the greatest common factor of z and n.
16
Suppose 0 = -3*m + 5*b - 6, 3*m + 2*b - 18 = -b. What is the greatest common factor of 9 and m?
3
Let i = 26 - 16. Let z = i + -3. Let s = 17 + z. What is the highest common divisor of s and 6?
6
Let v be 45/27 + 1*3/9. Calculate the highest common factor of v and 2.
2
Let q = 1 - 6. Let r(k) = -6*k + 6 - k**2 - 2 + 7 - 4. Let a be r(q). Calculate the highest common factor of 12 and a.
12
Let l = -11 - -4. Let o(v) = -2*v - 6. Let t(n) = n + 1. Let s(u) = -o(u) - 4*t(u). Let g be s(l). Calculate the highest common factor of g and 2.
2
Let x = 4 - 6. Let j be 4*x/((-2)/(-3)). Let g be 4/6 + (-40)/j. What is the highest common divisor of g and 44?
4
Let o = 42 + -30. Calculate the greatest common factor of o and 6.
6
Let k(t) = 5*t**3 + 2*t**2 + t - 2. Let i be k(1). Suppose -4*q - 3*a + 12 = -2*q, -3*a = -6. Calculate the greatest common divisor of i and q.
3
Suppose -5*m + 2*y + 18 = 5, -3*m + 5 = -4*y. Suppose 3*l = -3*p - p + 24, -3 = -l - m*p. What is the greatest common factor of 12 and l?
12
Let u be -67 + (-4)/(-1) + 2. Let s = 160 + u. Calculate the greatest common divisor of s and 33.
33
Suppose -4*y + 16 = -4*j - 8, -y - 4*j = 14. Calculate the highest common divisor of 5 and y.
1
Suppose -3*x + 8*x = 0. Let r be (2/(-1))/(-2 - x). What is the highest common divisor of r and 9?
1
Let a = 1 - -4. Suppose -a*v = -33 - 77. What is the highest common divisor of 176 and v?
22
Suppose 3*f + f + 8 = 0. Let z = f - -4. Suppose z = h, 5*h = 2*q - 8 - 2. Calculate the highest common factor of 15 and q.
5
Let b be 170/7 + 4/(-14). Let p = 79 - 43. What is the highest common divisor of b and p?
12
Let d = 2 - -31. Let h(p) = -p**3 + 2*p**2 + p + 1. Let w be h(2). What is the greatest common factor of w and d?
3
Suppose 0*b + 88 = 4*b. Suppose 4*k - 3*k - b = 0. Calculate the greatest common divisor of 44 and k.
22
Let f be ((-2)/(-3))/((-6)/(-162)). Calculate the greatest common divisor of 126 and f.
18
Let h = -32 - -35. Calculate the greatest common divisor of h and 12.
3
Let s(i) = 10*i - 6. Let w be s(6). What is the highest common divisor of 36 and w?
18
Suppose i = -s + 19, -5*i + 37 = s - 54. What is the greatest common divisor of 162 and i?
18
Let d(n) = -2*n**3 - 6*n**2 + 8*n + 4. Let s be (-37)/7 + 14/49. Let u be d(s). Suppose -u = -2*l + 64. What is the highest common factor of 8 and l?
8
Let x be (9/(-4) + 1)*-20. Calculate the highest common divisor of 5 and x.
5
Suppose -h + 3*x = -x - 18, -2*h - 2*x + 6 = 0. Let k be 2*1*6/4. What is the greatest common divisor of k and h?
3
Suppose -36 = -6*n + 6. Calculate the greatest common divisor of n and 49.
7
Suppose 0 = 4*f - 278 + 34. Let z = f - -4. Calculate the greatest common factor of 13 and z.
13
Let w = 5 + -3. Suppose 0 = 4*p - 4*z - 168, w*p - 24 = p - 5*z. Calculate the highest common divisor of p and 13.
13
Suppose -4*w - 17 + 113 = 0. Calculate the highest common factor of 60 and w.
12
Suppose 2*a + 2*a = 44. Let k(t) = 11*t + 22. Let s be k(9). Calculate the greatest common factor of s and a.
11
Suppose -2*g - 8 - 34 = -a, 0 = 4*a - 5*g - 153. What is the greatest common divisor of a and 48?
16
Suppose 3*d - 202 = -4*o + 443, -o - 2*d + 155 = 0. Suppose -8*l + 3*l + 165 = f, 5*l - 2*f - o = 0. Calculate the highest common factor of 22 and l.
11
Let o(h) = -33*h**3 - 4*h**2 - 6*h - 7. Let d be o(-2). Calculate the highest common divisor of 23 and d.
23
Let l(f) = -2*f**2 + 35. Let x be l(0). Let w be (0 - 0) + 0 - -14. Calculate the highest common factor of x and w.
7
Suppose -2*z + 348 = z. Calculate the highest common factor of z and 29.
29
Suppose 35 = 5*m + 5. Let x(g) = 106*g**3 - g**2 + g + 1. Let r be x(-1). Let o = r - -173. Calculate the highest common factor of o and m.
6
Let x = 39 - -17. Calculate the greatest common divisor of 14 and x.
14
Suppose -5*l - 10 + 35 = -5*o, 5*l - o - 17 = 0. What is the greatest common divisor of l and 3?
3
Let f(p) = -p**3 + p**2 + 2*p + 2. Let h be f(-2). Suppose 2*m = h + 2. What is the highest common factor of m and 42?
6
Let r = 4 - -4. Let v = -8 + 5. Let m be -3 - (v + -4*5). Calculate the highest common factor of r and m.
4
Suppose -3*j - 3*y = -5*j + 63, 2*j - 5*y = 73. Suppose 40 = 2*n + 3*n. What is the highest common factor of n and j?
8
Let h(q) be the first derivative of 3*q**4 - 2*q**3/3 + 3*q**2/2 - 3*q - 3. Let j be h(2). Calculate the greatest common factor of j and 13.
13
Let x be -4*9/24*10/(-1). Calculate the highest common divisor of x and 3.
3
Let n be 3*((-3 - -5) + -1). Calculate the greatest common factor of 3 and n.
3
Suppose 4*h - 4*u - 56 = 0, -h = -2*u - 15 - 3. Let q be ((-28)/(-3))/(h/15). Calculate the greatest common divisor of 56 and q.
14
Let d(o) = o - 2. Let r = -5 - -10. Let u be d(r). Suppose p = 4*h + 36, -u*p - 4*h + 29 = 1. Calculate the greatest common divisor of p and 176.
16
Let d = 5 - 4. Suppose -5*g - 14 + 3 = 2*u, 11 = g - 4*u. Let b be (1 - 1) + (0 - g). Calculate the greatest common divisor of b and d.
1
Let a(c) = -8*c**2 + c + 7. Let z(n) = -7*n**2 + 6. Let y(b) = 4*a(b) - 5*z(b). Let h be y(-4). Calculate the highest common divisor of h and 330.
30
Let q be (-8)/(-20) - (-58)/5. Let r(b) = 3*b**2 + 5*b + 6. Let s be r(-6). What is the highest common factor of s and q?
12
Suppose 4*q - 87 = 5*r, -15 = -q - 0*r - r. What is the greatest common divisor of 198 and q?
18
Let y(s) = -8*s - 6. Let n be y(-3). Calculate the greatest common divisor of n and 9.
9
Let b = 31 + 4. What is the greatest common factor of b and 7?
7
Let k(i) = -2*i + 41. Let j be k(15). What is the greatest common factor of j and 11?
11
Suppose -70 = -0*w - 5*w. Let g = 22 - w. Calculate the greatest common divisor of 8 and g.
8
Let y = -2 - -4. Suppose 100 - 30 = 2*h - 2*o, -y*h - 3*o + 70 = 0. Let t(j) = -j + 2. Let p be t(-5). What is the highest common divisor of p and h?
7
Let t(f) = f**2 + 3*f - 8. Let h be t(5). What is the highest common divisor of h and 288?
32
Suppose -2*q - 2*q = -748. Calculate the greatest common divisor of q and 17.
17
Let n = 58 + 63. What is the highest common factor of n and 11?
11
Suppose -2*o - 3*b - 28 = -4*o, 2*o = -5*b + 44. Calculate the highest common divisor of 119 and o.
17
Let o be ((-12)/(-18))/(1/39). What is the highest common divisor of 13 and o?
13
Let m = -112 - 19. Let y = 186 + m. What is the highest common factor of 11 and y?
11
Let h(s) = -s**3 - 2*s**2 - 3. Let k be ((-2)/(-4))/(1/(-6)). Le